{"version":"1.0","provider_name":"Radio UNO Digital","provider_url":"https:\/\/radiounodigital.com\/web","author_name":"diegoc","author_url":"https:\/\/radiounodigital.com\/web\/author\/diegoc\/","title":"Matthew Fisher de Procol Harum festeja los 75 - Radio UNO Digital","type":"rich","width":600,"height":338,"html":"<blockquote class=\"wp-embedded-content\" data-secret=\"3JGoQtqFAT\"><a href=\"https:\/\/radiounodigital.com\/web\/2021\/03\/07\/matthew-fisher-de-procol-harum-festeja-los-75\/\">Matthew Fisher de Procol Harum festeja los 75<\/a><\/blockquote><iframe sandbox=\"allow-scripts\" security=\"restricted\" src=\"https:\/\/radiounodigital.com\/web\/2021\/03\/07\/matthew-fisher-de-procol-harum-festeja-los-75\/embed\/#?secret=3JGoQtqFAT\" width=\"600\" height=\"338\" title=\"\u00abMatthew Fisher de Procol Harum festeja los 75\u00bb \u2014 Radio UNO Digital\" data-secret=\"3JGoQtqFAT\" frameborder=\"0\" marginwidth=\"0\" marginheight=\"0\" scrolling=\"no\" class=\"wp-embedded-content\"><\/iframe><script type=\"text\/javascript\">\n\/* <![CDATA[ *\/\n\/*! This file is auto-generated *\/\n!function(d,l){\"use strict\";l.querySelector&&d.addEventListener&&\"undefined\"!=typeof URL&&(d.wp=d.wp||{},d.wp.receiveEmbedMessage||(d.wp.receiveEmbedMessage=function(e){var t=e.data;if((t||t.secret||t.message||t.value)&&!\/[^a-zA-Z0-9]\/.test(t.secret)){for(var s,r,n,a=l.querySelectorAll('iframe[data-secret=\"'+t.secret+'\"]'),o=l.querySelectorAll('blockquote[data-secret=\"'+t.secret+'\"]'),c=new RegExp(\"^https?:$\",\"i\"),i=0;i<o.length;i++)o[i].style.display=\"none\";for(i=0;i<a.length;i++)s=a[i],e.source===s.contentWindow&&(s.removeAttribute(\"style\"),\"height\"===t.message?(1e3<(r=parseInt(t.value,10))?r=1e3:~~r<200&&(r=200),s.height=r):\"link\"===t.message&&(r=new URL(s.getAttribute(\"src\")),n=new URL(t.value),c.test(n.protocol))&&n.host===r.host&&l.activeElement===s&&(d.top.location.href=t.value))}},d.addEventListener(\"message\",d.wp.receiveEmbedMessage,!1),l.addEventListener(\"DOMContentLoaded\",function(){for(var e,t,s=l.querySelectorAll(\"iframe.wp-embedded-content\"),r=0;r<s.length;r++)(t=(e=s[r]).getAttribute(\"data-secret\"))||(t=Math.random().toString(36).substring(2,12),e.src+=\"#?secret=\"+t,e.setAttribute(\"data-secret\",t)),e.contentWindow.postMessage({message:\"ready\",secret:t},\"*\")},!1)))}(window,document);\n\/\/# sourceURL=https:\/\/radiounodigital.com\/web\/wp-includes\/js\/wp-embed.min.js\n\/* ]]> *\/\n<\/script>\n","thumbnail_url":"https:\/\/radiounodigital.com\/web\/wp-content\/uploads\/2021\/03\/matthew-fisher.jpg","thumbnail_width":650,"thumbnail_height":366,"description":"En el d\u00eda de hoy Matthew Fisher de Procol Harum sopla 75 velitas y lo celebramos con algunas de sus obras. Es mundialmente conocido por tocar el \u00f3rgano Hammond en el sencillo de 1967 \u00abA Whiter Shade of Pale\u00bb de Procol Harum, por el que posteriormente gan\u00f3 un cr\u00e9dito como compositor. Como solista alcanz\u00f3 el... Read More"}

En el día de hoy Matthew Fisher de Procol Harum sopla 75 velitas y lo celebramos con algunas de sus obras. Es mundialmente conocido por tocar el órgano Hammond en el sencillo de 1967 «A Whiter Shade of Pale» de Procol Harum, por el que posteriormente ganó un crédito como compositor. Como solista alcanzó el... Read More
