{"version":"1.0","provider_name":"Radio UNO Digital","provider_url":"https:\/\/radiounodigital.com\/web","author_name":"diegoc","author_url":"https:\/\/radiounodigital.com\/web\/author\/diegoc\/","title":"Alanis Morisette: La promesa vigente - Radio UNO Digital","type":"rich","width":600,"height":338,"html":"<blockquote class=\"wp-embedded-content\" data-secret=\"Dq8MpmcptR\"><a href=\"https:\/\/radiounodigital.com\/web\/2021\/06\/01\/alanis-morisette-la-promesa-vigente\/\">Alanis Morisette: La promesa vigente<\/a><\/blockquote><iframe sandbox=\"allow-scripts\" security=\"restricted\" src=\"https:\/\/radiounodigital.com\/web\/2021\/06\/01\/alanis-morisette-la-promesa-vigente\/embed\/#?secret=Dq8MpmcptR\" width=\"600\" height=\"338\" title=\"\u00abAlanis Morisette: La promesa vigente\u00bb \u2014 Radio UNO Digital\" data-secret=\"Dq8MpmcptR\" frameborder=\"0\" marginwidth=\"0\" marginheight=\"0\" scrolling=\"no\" class=\"wp-embedded-content\"><\/iframe><script type=\"text\/javascript\">\n\/* <![CDATA[ *\/\n\/*! This file is auto-generated *\/\n!function(d,l){\"use strict\";l.querySelector&&d.addEventListener&&\"undefined\"!=typeof URL&&(d.wp=d.wp||{},d.wp.receiveEmbedMessage||(d.wp.receiveEmbedMessage=function(e){var t=e.data;if((t||t.secret||t.message||t.value)&&!\/[^a-zA-Z0-9]\/.test(t.secret)){for(var s,r,n,a=l.querySelectorAll('iframe[data-secret=\"'+t.secret+'\"]'),o=l.querySelectorAll('blockquote[data-secret=\"'+t.secret+'\"]'),c=new RegExp(\"^https?:$\",\"i\"),i=0;i<o.length;i++)o[i].style.display=\"none\";for(i=0;i<a.length;i++)s=a[i],e.source===s.contentWindow&&(s.removeAttribute(\"style\"),\"height\"===t.message?(1e3<(r=parseInt(t.value,10))?r=1e3:~~r<200&&(r=200),s.height=r):\"link\"===t.message&&(r=new URL(s.getAttribute(\"src\")),n=new URL(t.value),c.test(n.protocol))&&n.host===r.host&&l.activeElement===s&&(d.top.location.href=t.value))}},d.addEventListener(\"message\",d.wp.receiveEmbedMessage,!1),l.addEventListener(\"DOMContentLoaded\",function(){for(var e,t,s=l.querySelectorAll(\"iframe.wp-embedded-content\"),r=0;r<s.length;r++)(t=(e=s[r]).getAttribute(\"data-secret\"))||(t=Math.random().toString(36).substring(2,12),e.src+=\"#?secret=\"+t,e.setAttribute(\"data-secret\",t)),e.contentWindow.postMessage({message:\"ready\",secret:t},\"*\")},!1)))}(window,document);\n\/\/# sourceURL=https:\/\/radiounodigital.com\/web\/wp-includes\/js\/wp-embed.min.js\n\/* ]]> *\/\n<\/script>\n","thumbnail_url":"https:\/\/radiounodigital.com\/web\/wp-content\/uploads\/2021\/06\/alanis-e1622599320798.jpg","thumbnail_width":650,"thumbnail_height":366,"description":"Un d\u00eda como hoy hace 47 a\u00f1os nac\u00eda Alanis Nadine Morissette en Ottawa, Canada. Su punto m\u00e1ximo fue en el arranque all\u00e1 por 1995 con aquel formidable \u00e1lbum titulado Jagged little pill, que hasta el d\u00eda de hoy sigue siendo una referencia de la d\u00e9cada del 90. Llegar a la cima con tu primer disco... Read More"}

Un día como hoy hace 47 años nacía Alanis Nadine Morissette en Ottawa, Canada. Su punto máximo fue en el arranque allá por 1995 con aquel formidable álbum titulado Jagged little pill, que hasta el día de hoy sigue siendo una referencia de la década del 90. Llegar a la cima con tu primer disco... Read More
